-8)?
9
Evaluate 21 + 21 + -49 + -1 + -7 + 2.
-13
What is 22 + 0 - (-32 + -46 + 72)?
28
What is 21 - (-5 + (-2 - (-21 - -11)))?
18
25 + (-43 - 25) - -62
19
What is the value of 2 - (10 - -14 - 9)?
-13
What is 10 - (-12 - -22) - -7?
7
What is -3 + -1 + (-129 - -113)?
-20
Calculate (-12 - (10 + -10)) + 10.
-2
Evaluate -3 - -10 - (33 - ((7 - 2) + 1)).
-20
Evaluate 3 - ((-1 - -12) + 0 - -2).
-10
What is the value of -6 - (0 + 18 + -8)?
-16
What is the value of (-12 - (14 + -12)) + 10 + -2?
-6
What is the value of (-91 - -105 - ((-3 - -10) + 3)) + 17?
21
Evaluate (-2 - 0) + (-5 + -10 - 6 - -6).
-17
Evaluate (3 - -8) + 7 + (-18 - (8 + 1)).
-9
What is the value of -7 + -13 + (3 - -1) + 4?
-12
Calculate -47 + 42 + -2 + 3 + 5.
1
What is 2 + 2 - -4 - (-68 + 46)?
30
What is -5 - (-15 + 8) - 2?
0
Evaluate -3 + -8 + 11 + 9 + 5.
14
What is the value of 9 - 6 - (-8 - (5 + -11))?
5
What is (-32 - (11 - 37)) + -2 + (1 - 16)?
-23
Evaluate 11 + -24 + 39 + -49.
-23
What is -5 + 38 - 9 - 25?
-1
Evaluate 1 + (-5 - -26) + 1.
23
What is (19 + -13 + -10 - -12) + 4?
12
Evaluate (3 - 2) + -11 - -2 - (-1035 - -994).
33
Evaluate -19 + (24 + -16 - -4).
-7
Evaluate -7 + 19 - -2 - 6 - (0 + -2).
10
Calculate (-9 + 9 - -1) + -7 + 11 - 7.
-2
What is the value of -2 + -11 + (-10 + (10 - 11) - -2)?
-22
Calculate (31 - 1) + -1 + 9 + (-220 - -216).
34
What is the value of -2 - (-2 - 17) - (50 - 12 - 30)?
9
(2 - (-1 + 3)) + (-18 - (27 + -49))
4
What is (14 - 11 - -18) + -20?
1
What is the value of 7 + 22 + -21 + (-1 - 2)?
5
What is the value of -8 - -14 - ((12 - (2 - 2)) + -5)?
-1
Evaluate 5 + -22 + (6 - 4) + 6.
-9
Calculate 102 + -131 + -2 + 1 + -4.
-34
What is 111 - 110 - ((-10 - -13) + (0 - -2))?
-4
Evaluate 62 + -30 + -28 - (1 - 7).
10
Calculate -33 + (10 - -17) - 5.
-11
Evaluate (9 - 4 - 1) + -4 + -13.
-13
What is (33 - 25) + (0 - (20 - 0))?
-12
Calculate 2 + 0 + -4 - (1 + 8).
-11
-21 - (6 + -11) - -29
13
What is the value of 13 + (2 - 10 - -6) - 4 - 17?
-10
What is the value of -10 + 40 - (0 + -7 + -5 + 3)?
39
Evaluate -7 + -6 + (6 - 1).
-8
Evaluate 8 - (64 + -23) - -32.
-1
Calculate 6 - ((-24 - 8) + -6) - (-6 + 13).
37
-14 + (-31 - (-15 - -17 - 16))
-31
Calculate -1 - -3 - (12 - (-51 - -74)).
13
Calculate -8 + (-11 - -9) - -11.
1
Calculate 2 + -2 + -22 + (0 - -17) - -6.
1
What is 27 + -31 + (-20 + 13 - 11)?
-22
(2 - 2) + (-15 + (16 - 7) - 17)
-23
Calculate -2 + 2 + -2 + -4 + 20.
14
(11 + 4 - 5) + -13 + 7
4
What is 1 + 3 + -5 + 8 + -8 - 17?
-18
What is the value of (1 - (-2 - -37)) + (-109 - -116)?
-27
What is (-2 + 48 - 34) + -15?
-3
Calculate 5 - (3 + 7 + 3 + (0 - 3)).
-5
Evaluate -12 - -6 - (-8 - 4).
6
-47 + (4 - 11) + 11 + 9 - -9
-25
What is the value of 2 + -1 - (2 - (5 - -2)) - 1?
5
Calculate 18 + -42 + 22 - (-8 + -1).
7
Calculate -30 - (-4 - 63) - 47.
-10
Calculate 21 - (0 + 8 + (21 - (12 - -6))).
10
Calculate 6 - ((-14 - -12) + (9 - (-3 - 2))).
-6
Calculate 4 + (-95 - -55) + 4 + -1 + -5.
-38
What is the value of 14 - ((-8 - (3 - (3 - -1))) + 7)?
14
Evaluate 29 - (-2 - (42 - 73)).
0
Evaluate 4 + (11 + -10 - -3) + (3 - 27).
-16
Calculate -30 + 82 + -1 + -37.
14
Evaluate 4 + -3 - 3 - (-2 - -4 - 11).
7
What is -18 + 1 + 512 + -522?
-27
What is the value of 7 + -1 + (-12 - -1 - (54 + -40))?
-19
3 - (63 + -63 - (2 - 7))
-2
(-6 - -4 - 11) + -3 + 15
-1
Evaluate 2 + (14 - 11) + -8.
-3
Calculate (4 - -1) + (16 - 21) - (4 - 20).
16
What is (1 - 2) + 3 + -9 + -11 + 2?
-16
Calculate (5 - 21) + (36 - 21 - 14).
-15
Calculate (1 - -7) + (-8 - 3) + 12.
9
What is (9 - 3) + -17 + 2 - -3?
-6
Evaluate (-129 - -24) + 87 - (0 + -11).
-7
Evaluate 4 + 1 + (7 - 4) + -7.
1
What is the value of -4 + -3 - (219 - 200)?
-26
15 - (12 + -8 + 11 - 28)
28
Evaluate 20 + (-4 - -1) + -7 + (17 - 14).
13
Calculate 13 + (4 - 3) + (-46 - -44).
12
Evaluate 10 + -12 + -11 + 9.
-4
Evaluate (17 - (-12 + 22)) + -14.
-7
Evaluate -6 - (4 - -4 - 9).
-5
What is the value of 15 - (-7 - -29) - (1 + -3)?
-5
(28 + -22 - -26) + -58
-26
What is -5 - 1 - (-12 - 22 - -18)?
10
Evaluate -15 + (-23 - (31 - 47)).
-22
Evaluate 1300 + -1278 - ((13 - 0) + 1).
8
2 - -9 - (-28 - -35 - -5)
-1
Calculate -47 - (17 - 52) - -5.
-7
What is 12 + (-2 + -5 - -2 - 1) + 3?
9
Calculate -4 - (6 + 6 + 0 + -26).
10
Calculate -8 + (5 - (-4 - 0)) - 3.
-2
Calculate (-3 - -17) + 2 + 9 + 5.
30
What is -9 - (11 + -8 + 3)?
-15
Calculate (19 - (9 + 4)) + 26 + 4 + -9.
27
Calculate -10 - (-15 + (9 - 0)) - -14.
10
What is the value of 0 + 8 - (7 + -12) - -2?
15
What is the value of -8 - (6 + 0 - (-49 + 57))?
-6
What is the value of 10 + (7 + -9 - (1 + 18))?
-11
Evaluate -4 + (6 - (10 - 9)) + -1.
0
-10 - (-20 - (-1 - 19) - (0 + 2))
-8
-9 - ((13 - 7) + -8)
-7
What is the value of -11 + (2 - (5 - (1 - -1)))?
-12
What is 3 - -30 - (15 - (-13 + 20))?
25
13 + 28 + -62 - (-3 - -2)
-20
Calculate -9 + (5 - 19) - -30.
7
What is the value of (2 + 1 + -7 - -10) + 0 - 8?
-2
What is the value of -3 + (7 - (7 - 8) - -2 - 7)?
0
Evaluate 36 + -5 + -30 + (1 + 1 - 1).
2
What is the value of (-6 - 18) + -4 + 13 + 2?
-13
Calculate -2729 - -2690 - (0 + -44).
5
Evaluate -78 + 52 - (-29 + -9).
12
(-13 - 9) + 63 + -29
12
Calculate -33 + 7 + 26 + (-12 - -1).
-11
-319 + 311 - (5 + 4 + -5)
-12
What is the value of 1495 + -1512 + (-1 - -3 - (4 - -1))?
-20
What is the value of (92 - 74) + 2 + 0 + -4?
16
What is 1 + -1 - (-15 + -1 + 10 + 10)?
-4
What is the value of -332 + 304 + (0 - (0 + -15))?
-13
What is -5 + 15 - (41 + (-6 - 0))?
-25
29 + -9 + 18 - 27
11
What is -9 + 34 + -46 + 9?
-12
Calculate (-16 - -19) + -8 + 8 + 1 + 1.
5
Evaluate 27 + 2 + (-8 - 1) - 10.
10
(-1 - (-10 - -2)) + 4 + (0 - -4)
15
What is the value of 3 + 4 + (-10 - -15) - 14?
-2
Calculate (-2 - 0 - 3) + -146 + 165 - 11.
3
-19 + 1 + (-268 - -306)
20
4 + -11 + 3 + -1 + 13
8
What is -2 + -1 + 15 + -4 + -5 + 9?
12
What is 1 + -7 + 13 + -2 + (0 - -7)?
12
What is the value of 5 - ((-13 - -33) + -9) - (11 - 3)?
-14
Calculate 0 - 3 - (-12 - (7 - (8 + -1))).
9
1 + -1 + (-1 - -1) - (21 - 34)
13
What is 25 + (-5 - (-17 - -20))?
17
Calculate (-5 - -8) + (-4 - (13 + -7)).
-7
What is the value of 5 - (-3 - (12 + 4 + -10))?
14
Evaluate (0 + -13 - (-151 + 129)) + (-1 - 14).
-6
Evaluate 2 + (5 - 13 - (-1 - 3)).
-2
What is -7 + (-14 - (-9 + -37))?
25
Evaluate (3 - 3) + (-6 - (-3 + -1)).
-2
What is the value of -5 - ((5 - 19) + 11)?
-2
Evaluate -1 - (0 + -1) - (-2 + 6 + 4).
-8
What is (68 - 85) + (4 - -22)?
9
Calculate 29 - (57 - 19) - 9.
-18
Calculate (1 - -23) + (-241 - -230).
13
What is the value of -34 + -1 + (69 + 28 - 80)?
-18
What is 5 - (-4 + 8 - -4) - 6 - -1?
-8
-9 + (-1 - 1) + 18 + -4
3
(-1 - (-2 - -4)) + 3 + -6 + 0
-6
What is 4 - (-13 + -3 + 9 + -10)?
21
What is the value of 894 + -895 - (-2 - (7 + 0))?
8
What is (-26 - -32) + -6 + 2?
2
Evaluate (-173 - -217) + (7 - 14).
37
Calculate -36 + 29 + 13 + 0 + 6.
12
(-1 - 1 - ((-8 - -2) + -2)) + -5
1
Calculate (-7 - -15) + -3 + 1 - 7.
-1
Calculate 7 + (-8 - (-19 + 8)) - 14.
-4
Calculate (0 - -12) + -23 + 18 + 1.
8
What is -13 + 9 - (-6 - (-3 + (5 - 0)))?
4
(6 - 6 - (55 - 62)) + 1 + -18
-10
Calculate -21 - (10 + 13 + -41).
-3
Evaluate -28 + (23 - 5) + -5.
-15
Calculate (-11 - (6 + -2) - (22 + -18)) + -3.
-22
Evaluate -2 - (10 - 1 - (-14 + 10)).
-15
What is the value of -23 - ((-28 - 3) + 13)?
-5
What is -34 - -13 - 1 - -23?
1
Calculate 9 + -15 + (3 - (5 + 5)).
-13
What is the value of 45 + 29 + (-25 - 36)?
13
-5 + 1 - (-251 - -261)
-14
Evaluate (-2 + 3 - -13) + -16.
-2
0 - (0 - 1 - (52 - 65))
-12
What is 4 + -4 - (9 - (7 + -12))?
-14
(-15 - 1) + (-37 - -49)
-4
What is the value of (-6 + 9 - -8) + -9?
2
What is the value of 23 + 3 + 55 + -89?
-8
What is the value of -6 + (11 - (-3 + -3 + 11) - 8)?
-8
-3 - -26 - 12 - 2 - (7 - 1)
3
Evaluate 7 - (22 - (11 - 3)).
-7
What is the value of -1 + 1 + (-86 - -95)?
9
What is the value of 23 + (-41 - -16) + 14?
12
What is 9 - (-13 - -19) - 1?
2
What is the value of -14 - ((-7 - (10 + -14)) + -7)?
-4
Calculate 28 + (7 - 17) + -17.
1
What is (-8 + -9 - -4) + (-11 - (14 - 13))?
-25
What is the value of -255 + 295 + -2 + -23?
15
Calculate (-28 - -28) + (-1 - 2) + 8 + -10.
-5
What is 5 + -7 + 1 - (16 - (7 - 7))?
-17
(-4 - (-20 - -22)) + (3 - 14)
-17
Calculate -20 + (1 - -9) + -3 + 3.
-10
(-5 - -13) + (-6 - 9) + -12
-19
Evaluate 3 + -2 + 18 + -48 + 16